(x) be the third derivative of x**5/60 - 5*x**4/6 + 5*x**3/6 + x**2. Let r be i(8). Let f = -14 - r. What is the units digit of f?
7
Let d(k) = -34*k**3 + 7*k + 6. What is the tens digit of d(-2)?
6
Let a = -10 - -17. Suppose a*z + 75 = 10*z. Suppose -2*m - 4*c = -0*m - 10, -5*m - 4*c = -z. What is the units digit of m?
5
Let y(o) = o + 1. Let x be y(2). Suppose f = 4*p - f + 10, 0 = -4*p - 3*f + 15. Suppose p*t + 3*t - 2*s - 41 = 0, -4*t + 56 = -x*s. What is the tens digit of t?
1
Suppose 2*o + o + 57 = 0. Let x = 27 + o. What is the units digit of (x - -1)/(-5 + 6)?
9
Suppose 5*y = y + 16. Let p = 75 - y. What is the units digit of p?
1
Suppose 11*n = 14*n - 264. Let l = 142 - n. What is the units digit of l?
4
Let a(l) be the first derivative of -6 - 3/2*l**2 + 0*l. What is the tens digit of a(-8)?
2
Let m(t) = 5*t**2 - 15*t + 21. What is the hundreds digit of m(22)?
1
Suppose -4*t - 244 - 340 = -2*j, -584 = 4*t - 4*j. Let y = t - -245. What is the tens digit of y?
9
Let r(h) = 19*h - 7. Let y = -150 - -159. What is the units digit of r(y)?
4
Let i(o) = -o**2 + 8*o - 9. Let u be i(7). Let w be -2 + 6 + 2/u. What is the units digit of w/(3 + -9)*-56?
8
Suppose -11*n + 69983 = 36*n. What is the tens digit of n?
8
Let i(d) = -334*d**3 + d**2 + 20*d + 18. What is the tens digit of i(-1)?
3
Let m(c) = 12*c**2. Let u be 6/(-7) + (-7)/49. What is the tens digit of m(u)?
1
Let o(u) = 323*u - 1. What is the tens digit of o(3)?
6
What is the units digit of 11/((-44)/(-6656)) - -1?
5
Suppose 48 = -2*i + 3*i. Suppose 5*a = 3*a + i. Suppose -284 + a = -5*o. What is the units digit of o?
2
Suppose 3*l + 2799 = 8*n - 3*n, -5*l = -2*n + 1131. What is the hundreds digit of n?
5
Suppose -5*m - 2*o + 1727 = -1639, 0 = 2*m + 3*o - 1353. Suppose -5*z - z = -m. What is the units digit of z?
2
Suppose 4*g + 1240 = 7*a - 3*a, -2*a + g + 622 = 0. What is the units digit of a?
2
Let n(w) = -2*w - 1. Let p be n(1). Let q be (-1)/p - (-639)/27. What is the tens digit of 18/q - (-202)/8?
2
Suppose -9*q = 34*q - 3440. What is the tens digit of q?
8
Let f = 5354 - 2967. What is the hundreds digit of f?
3
Let t = -23 + 26. What is the units digit of (-4 + t)*335/(-5)?
7
Let d(q) = -67*q + 16. Let g be d(-4). Suppose -4*a = -0*a - g. What is the tens digit of a?
7
Suppose 2*n + 0*n + 4*w = 368, -5*w + 553 = 3*n. Suppose 0 = -3*p + 3*u + n, 3*u + 138 + 106 = 4*p. What is the units digit of p?
8
Let n = -8 + 10. Suppose -2*o - n*o = 0. Suppose 5*z - 60 - 15 = o. What is the tens digit of z?
1
Suppose 0 = 4*a + 8, z - 3*a - 8 = -0. Suppose -4*v - 4*k + 16 = 0, -z*v - 3*k = -5*v. What is the units digit of v?
2
Suppose 0 = -2*c - 58 - 4. Let i = c - -204. What is the tens digit of i?
7
Suppose -4*d + 5416 = 7*w - 3*w, -d = -3*w + 4050. What is the thousands digit of w?
1
Let l(x) = x**3 + 2*x**2 + 9*x - 3. Suppose 0*p - p = -4. Let g(b) = -b**3 - 3*b**2 - 10*b + 3. Let q(o) = p*l(o) + 3*g(o). What is the tens digit of q(3)?
3
Let o(w) = -56*w - 5. Let g be o(-1). Suppose -f - 1 = 0, -4*k - 11 = -f - 32. Suppose -k*z = -2*z - g. What is the units digit of z?
7
What is the tens digit of (5350/(-8))/(-5)*8 + -5?
6
Let a(w) = 4*w**2 - 12*w + 20. Let s be a(6). Suppose -7*p = -9*p + s. What is the tens digit of p?
4
Suppose -8*y + 14142 = 2966. What is the hundreds digit of y?
3
Let b = 1 - 6. Let y(n) = 8*n + 2*n**2 + 13 + 0*n**2 - 7. What is the units digit of y(b)?
6
Suppose 0 = -6*f + 8*f + 16. Let q = 26 + f. What is the units digit of 130/q + 6/(-27)?
7
Let b = 0 + 4. Suppose b*i + 18 = 7*i. Suppose i*l - l = 375. What is the tens digit of l?
7
Let d = 2181 - -697. What is the units digit of d?
8
Suppose -3*i + 4*l - 53 = 2*i, 5*l - 10 = 0. Let y be (i/(-15))/(2/10). Suppose -o + 0 = -y. What is the units digit of o?
3
Let f(c) = -3*c + 42. What is the units digit of f(-4)?
4
Let t(h) = h**2 + 4*h + 3. Let k be t(-1). Suppose 3*x - j = 1062, 2*x + 3*j - 553 - 144 = k. What is the tens digit of x?
5
Let o = 83 + -163. Let c = 12 - o. What is the units digit of c?
2
Let d be 723/6*(2 - 0). Let f = -137 + d. What is the tens digit of f?
0
Let x = -127 + 311. What is the units digit of x?
4
Let b(d) = -2 + 2*d + 2*d - 5*d + 13. What is the tens digit of b(-13)?
2
Let t be (74/(-3))/(6/(-9)). Let d = t - 25. Suppose -7*f + 3*f + 80 = -2*j, -3*j = d. What is the tens digit of f?
1
What is the thousands digit of (-2)/(-12)*1123*24/4?
1
Let n be (-818)/(-14) + (-12)/28. Let y = 91 - n. What is the tens digit of y?
3
Let t(l) = l**3 + 6*l**2 - 5. Let n be t(-4). Suppose 6*v = n + 3. Suppose 0 = -v*b + 2*c + 15 + 1, 5*c = b + 6. What is the units digit of b?
4
Let h(v) = 3*v - 28. Suppose -3*k - 14 - 16 = -2*r, 4*k = -5*r + 52. Let d be h(r). Suppose -4*p = 2*x - d, 2*x = x - p + 9. What is the units digit of x?
4
Let o = 1016 + -598. What is the units digit of o?
8
Let n = -17 - -31. Let x(v) = -v**3 + 15*v**2 - 6*v + 4. What is the tens digit of x(n)?
1
Suppose 3*j + 5*r = 1050, 5*j - 2*r = 1124 + 626. Suppose 2*a + 2*d - j = 6*d, -3*a + 495 = 4*d. What is the units digit of a?
9
Let v = -8743 + 12713. What is the tens digit of v?
7
Let h(w) = 23*w + 241. What is the tens digit of h(25)?
1
Suppose 1530 = 8*a - 12294. What is the units digit of a?
8
Suppose 3*p - 6*p = -2*w - 9, -w + 3*p - 9 = 0. Let h be (-10)/(2 + -4 + 0). Suppose h*i - 3*i = 5*f - 137, 4*f + 4*i - 132 = w. What is the units digit of f?
9
Suppose -14*g = -1988 + 1736. What is the tens digit of g?
1
Let o(v) = -v + 4. Let h be o(4). Suppose h*j - 154 = -5*p + 3*j, 24 = p - 4*j. What is the units digit of p?
2
Let q be (17160/18)/5 + 2/(-3). What is the tens digit of (7 + 1)/2 + q + -48?
4
Suppose r + 5 = 4, -5*x - 3*r = -12. Suppose -x*i + 8*i - 570 = 0. What is the units digit of i?
4
Suppose -25052 = -25*f - 9602. What is the hundreds digit of f?
6
What is the thousands digit of (-6288)/(-6 + 2) + 4?
1
Suppose 0 = -0*r + 5*r - 45. Suppose p = r + 90. What is the units digit of 3087/p + (-4)/22?
1
Let g(y) = y**2 + 18*y - 22. Let q be g(-19). Let f = 73 - q. What is the units digit of f?
6
Suppose 4*a - 3388 = -4*i, -9*i = 2*a - 4*i - 1691. What is the tens digit of a?
4
Suppose 6*t = -6*t + 6288. What is the tens digit of t?
2
Let q(m) = 8*m - 19. Let h be q(3). Suppose 2*c - p - 298 = 0, -p - 2*p = -h*c + 744. What is the tens digit of c?
5
Let t(m) = -22*m + 8. Let h be t(3). Let s = h - -118. What is the tens digit of s?
6
Let a = -47 + 51. Suppose a = -8*x + 572. What is the units digit of x?
1
Let g = 12 + -18. Let c(s) = s**2 + s. Let i be c(g). Let r = i + -3. What is the units digit of r?
7
Suppose 5 = y + 4*y, a = 4*y. Suppose a*i = 4*k - 120 + 4, -2*k = 5*i + 110. What is the units digit of (-9)/3*i/9?
8
Let n(k) = -17 + 5*k - 6*k**3 + 4*k - 6*k**2 + 7*k**3 - 3*k. What is the units digit of n(7)?
4
Let v(a) = 15*a**3 + 3*a - 2. Let r be v(1). Let m = r - 17. What is the units digit of (m + 3)/6*87?
9
Suppose -4*k + 3*o + 10894 = 0, -5*k + o = -2*o - 13619. What is the thousands digit of k?
2
Suppose -3*n + 2134 = 631. What is the units digit of n?
1
Let w be ((-1)/(-2) - -1)*(-40)/30. What is the units digit of 213/w*(-42)/63?
1
Let f be (-2 - (-36)/21) + 15868/(-28). What is the units digit of 4/3*f/(-18)?
2
What is the hundreds digit of 3*(0 + (286 - 8))?
8
Let g(c) = 92*c + 20. What is the hundreds digit of g(5)?
4
Let r(p) = 22*p**2 - 6*p + 3. Let x(y) = 23*y**2 - 5*y + 2. Let t(i) = 3*r(i) - 4*x(i). Let f be t(2). What is the tens digit of (-4)/22 + (-3780)/f?
3
Suppose 4*l = 3*g + 1099, l - 4*g - 274 = -3*g. What is the units digit of l?
7
Let k = 853 - -312. What is the hundreds digit of k?
1
Let l = 3935 + -2499. What is the tens digit of l?
3
Let w(i) = -i**3 - 17*i**2 + 18*i - 21. Let v be w(-18). What is the tens digit of (-6)/v + (-4080)/(-28)?
4
Let k = -14 + 19. Suppose 4*q - 4*s - 296 = 0, -3*q + 36 = -k*s - 196. What is the units digit of q?
9
Let m = 3019 - 1993. What is the tens digit of m?
2
Let b = 2527 + -1680. What is the tens digit of b?
4
Suppose 0 = 7*l - 3*l - 88. Let t be (-470)/(-4)*(-44)/(-55). Suppose -4*g - 2*s = -t, -2*g + g - s = -l. What is the tens digit of g?
2
What is the hundreds digit of 231/33 - (-3550)/2?
7
What is the tens digit of (-18)/(-63) + (-1280)/(-28)